alculate the remainder when 686 is divided by 53.
50
Calculate the remainder when 1743 is divided by 292.
283
Calculate the remainder when 90 is divided by 19.
14
What is the remainder when 17320 is divided by 17?
14
Calculate the remainder when 268 is divided by 108.
52
What is the remainder when 63 is divided by 42?
21
Calculate the remainder when 126 is divided by 19.
12
What is the remainder when 45 is divided by 24?
21
Calculate the remainder when 991 is divided by 125.
116
What is the remainder when 37 is divided by 15?
7
Calculate the remainder when 3898 is divided by 52.
50
What is the remainder when 3608 is divided by 1197?
17
Calculate the remainder when 853 is divided by 45.
43
Calculate the remainder when 1799 is divided by 72.
71
Calculate the remainder when 226 is divided by 29.
23
Calculate the remainder when 230 is divided by 219.
11
What is the remainder when 122 is divided by 23?
7
What is the remainder when 115 is divided by 39?
37
What is the remainder when 118 is divided by 4?
2
Calculate the remainder when 659 is divided by 30.
29
What is the remainder when 362 is divided by 26?
24
Calculate the remainder when 1299 is divided by 50.
49
Calculate the remainder when 419 is divided by 56.
27
What is the remainder when 712 is divided by 60?
52
Calculate the remainder when 360 is divided by 52.
48
What is the remainder when 101 is divided by 45?
11
What is the remainder when 731 is divided by 23?
18
What is the remainder when 5128 is divided by 114?
112
Calculate the remainder when 405 is divided by 150.
105
Calculate the remainder when 4320 is divided by 2154.
12
What is the remainder when 521 is divided by 255?
11
Calculate the remainder when 2278 is divided by 68.
34
What is the remainder when 1708 is divided by 107?
103
What is the remainder when 365 is divided by 34?
25
Calculate the remainder when 3940 is divided by 9.
7
What is the remainder when 237 is divided by 4?
1
What is the remainder when 399 is divided by 40?
39
Calculate the remainder when 3785 is divided by 473.
1
Calculate the remainder when 108 is divided by 16.
12
What is the remainder when 454 is divided by 18?
4
Calculate the remainder when 3179 is divided by 1027.
98
What is the remainder when 3725 is divided by 83?
73
What is the remainder when 36 is divided by 15?
6
Calculate the remainder when 1407 is divided by 11.
10
Calculate the remainder when 879 is divided by 59.
53
Calculate the remainder when 716 is divided by 257.
202
What is the remainder when 957 is divided by 15?
12
Calculate the remainder when 3878 is divided by 1290.
8
What is the remainder when 370 is divided by 77?
62
Calculate the remainder when 1953 is divided by 85.
83
What is the remainder when 798 is divided by 67?
61
Calculate the remainder when 123 is divided by 68.
55
What is the remainder when 4651 is divided by 49?
45
What is the remainder when 90 is divided by 23?
21
What is the remainder when 645 is divided by 37?
16
What is the remainder when 223 is divided by 46?
39
Calculate the remainder when 5626 is divided by 88.
82
Calculate the remainder when 363 is divided by 104.
51
What is the remainder when 744 is divided by 704?
40
What is the remainder when 116 is divided by 43?
30
What is the remainder when 94 is divided by 48?
46
What is the remainder when 446 is divided by 50?
46
Calculate the remainder when 83 is divided by 69.
14
What is the remainder when 62 is divided by 32?
30
What is the remainder when 24 is divided by 5?
4
What is the remainder when 380 is divided by 183?
14
Calculate the remainder when 1050 is divided by 492.
66
What is the remainder when 195 is divided by 6?
3
What is the remainder when 677 is divided by 4?
1
What is the remainder when 9 is divided by 7?
2
Calculate the remainder when 159 is divided by 101.
58
Calculate the remainder when 166 is divided by 164.
2
What is the remainder when 562 is divided by 140?
2
Calculate the remainder when 164 is divided by 46.
26
What is the remainder when 161 is divided by 9?
8
What is the remainder when 1274 is divided by 420?
14
What is the remainder when 178 is divided by 79?
20
What is the remainder when 17 is divided by 9?
8
Calculate the remainder when 158 is divided by 47.
17
Calculate the remainder when 3176 is divided by 48.
8
What is the remainder when 56 is divided by 17?
5
Calculate the remainder when 73 is divided by 7.
3
What is the remainder when 333 is divided by 79?
17
Calculate the remainder when 1154 is divided by 33.
32
What is the remainder when 34 is divided by 27?
7
Calculate the remainder when 1670 is divided by 415.
10
What is the remainder when 153 is divided by 15?
3
What is the remainder when 208 is divided by 189?
19
What is the remainder when 15748 is divided by 126?
124
Calculate the remainder when 148 is divided by 40.
28
What is the remainder when 366 is divided by 118?
12
Calculate the remainder when 84 is divided by 58.
26
What is the remainder when 1949 is divided by 41?
22
What is the remainder when 73 is divided by 47?
26
Calculate the remainder when 59783 is divided by 141.
140
Calculate the remainder when 1886 is divided by 31.
26
Calculate the remainder when 1198 is divided by 97.
34
What is the remainder when 4390 is divided by 61?
59
What is the remainder when 872 is divided by 97?
96
Calculate the remainder when 2121 is divided by 36.
33
What is the remainder when 27 is divided by 14?
13
Calculate the remainder when 573 is divided by 131.
49
Calculate the remainder when 398 is divided by 17.
7
What is the remainder when 122 is divided by 28?
10
What is the remainder when 2542 is divided by 158?
14
What is the remainder when 201 is divided by 34?
31
Calculate the remainder when 216 is divided by 80.
56
Calculate the remainder when 6081 is divided by 152.
1
What is the remainder when 4362 is divided by 45?
42
What is the remainder when 73 is divided by 16?
9
Calculate the remainder when 333 is divided by 24.
21
What is the remainder when 414 is divided by 39?
24
What is the remainder when 20 is divided by 4?
0
Calculate the remainder when 197 is divided by 48.
5
What is the remainder when 73 is divided by 27?
19
What is the remainder when 88 is divided by 31?
26
Calculate the remainder when 1090 is divided by 40.
10
Calculate the remainder when 140 is divided by 13.
10
Calculate the remainder when 482 is divided by 92.
22
Calculate the remainder when 132 is divided by 44.
0
Calculate the remainder when 96 is divided by 7.
5
Calculate the remainder when 243 is divided by 5.
3
What is the remainder when 492 is divided by 57?
36
Calculate the remainder when 1614 is divided by 33.
30
Calculate the remainder when 266 is divided by 11.
2
What is the remainder when 144 is divided by 39?
27
Calculate the remainder when 3717 is divided by 20.
17
Calculate the remainder when 1632 is divided by 38.
36
What is the remainder when 400 is divided by 157?
86
What is the remainder when 3980 is divided by 78?
2
Calculate the remainder when 586 is divided by 49.
47
Calculate the remainder when 201 is divided by 59.
24
Calculate the remainder when 2568 is divided by 844.
36
Calculate the remainder when 46 is divided by 25.
21
What is the remainder when 268 is divided by 12?
4
Calculate the remainder when 310 is divided by 75.
10
What is the remainder when 126 is divided by 23?
11
What is the remainder when 64 is divided by 38?
26
What is the remainder when 4366 is divided by 727?
4
What is the remainder when 92 is divided by 52?
40
Calculate the remainder when 685 is divided by 115.
110
Calculate the remainder when 382 is divided by 138.
106
What is the remainder when 166 is divided by 70?
26
Calculate the remainder when 3061 is divided by 514.
491
What is the remainder when 774 is divided by 384?
6
Calculate the remainder when 51 is divided by 35.
16
Calculate the remainder when 93 is divided by 72.
21
What is the remainder when 23066 is divided by 33?
32
What is the remainder when 6058 is divided by 404?
402
What is the remainder when 491 is divided by 26?
23
What is the remainder when 214 is divided by 8?
6
What is the remainder when 29 is divided by 12?
5
Calculate the remainder when 179 is divided by 14.
11
What is the remainder when 502 is divided by 22?
18
What is the remainde